31?
-10300100
In base 12, what is 1875 + a?
1883
In base 2, what is 111 - -1011110001100000101?
1011110001100001100
In base 6, what is -11532503 + 4?
-11532455
In base 5, what is 110421232 - -1?
110421233
In base 14, what is -2 - -2536b?
25369
In base 8, what is 3 + -242557?
-242554
In base 9, what is -1080 - 37?
-1127
In base 14, what is -d348 + 19?
-d32d
In base 7, what is 431 + -14344?
-13613
In base 15, what is 496 + 7e?
525
In base 5, what is -20 + 4432?
4412
In base 16, what is 0 + 57e4?
57e4
In base 13, what is -265 - -9?
-259
In base 5, what is 200 + 3040123?
3040323
In base 16, what is 106b + 69?
10d4
In base 14, what is 1b + -926?
-909
In base 4, what is 2322211 - 32?
2322113
In base 12, what is 69 - -b41?
baa
In base 14, what is -1b858 - -4?
-1b854
In base 16, what is ba963 - 5?
ba95e
In base 8, what is 26 + -7557?
-7531
In base 12, what is -34 + -58903?
-58937
In base 12, what is -988 + 4?
-984
In base 12, what is 66b85 - -2?
66b87
In base 8, what is 21467 + -520?
20747
In base 15, what is 6de - 16?
6c8
In base 10, what is -13416 - -28?
-13388
In base 9, what is -57321 - -10?
-57311
In base 16, what is 3416 - -21?
3437
In base 3, what is 1120202222 - -11121?
1120221120
In base 16, what is -12b - -129?
-2
In base 12, what is 180551 + -1?
180550
In base 3, what is -20010 - 2021?
-22101
In base 14, what is 1a273 - -5?
1a278
In base 14, what is 5 - -285b5?
285ba
In base 10, what is 6084 - -244?
6328
In base 4, what is -230123311 - 13?
-230123330
In base 16, what is 69e + -66?
638
In base 16, what is 52 + -6d8?
-686
In base 5, what is 0 + 110214?
110214
In base 4, what is -30212 - 1132?
-32010
In base 9, what is -1 - -8364?
8363
In base 10, what is 6 + 504018?
504024
In base 16, what is -3 - -4dd?
4da
In base 7, what is 261 - -61143?
61434
In base 10, what is 1728437 + 4?
1728441
In base 4, what is 22013221331 - -11?
22013222002
In base 8, what is 10146 - -213?
10361
In base 11, what is 11804 + 0?
11804
In base 14, what is 2 - -2d981?
2d983
In base 16, what is a + 145f?
1469
In base 14, what is 3 + -8ca4?
-8ca1
In base 12, what is -3 + 131351?
13134a
In base 16, what is -22557 + -f?
-22566
In base 2, what is -1000110111 - -1000000?
-111110111
In base 6, what is -20 + 1220222?
1220202
In base 5, what is 0 + 3222333?
3222333
In base 7, what is 5315553 + 3?
5315556
In base 4, what is -2033000 - 2013?
-2101013
In base 15, what is 3 - 1aa6e?
-1aa6b
In base 13, what is 135 - -36c?
4a4
In base 10, what is -122334 + -3?
-122337
In base 16, what is -395d - -a?
-3953
In base 15, what is -dbb - -3?
-db8
In base 2, what is -110100001 + 11100000011101?
11011001111100
In base 15, what is 645 - -87?
6cc
In base 11, what is 34 + 55216?
5524a
In base 5, what is 414 + 20411?
21330
In base 8, what is 5 + -571150?
-571143
In base 16, what is 17 - 24b?
-234
In base 11, what is 1a875 + 184?
1aa49
In base 12, what is 25 - -b9?
122
In base 12, what is -590a4 + 0?
-590a4
In base 4, what is 13313023 - -1?
13313030
In base 13, what is 27a83 - 5?
27a7b
In base 10, what is 3 - 28047?
-28044
In base 3, what is -202220 - 11111?
-221101
In base 16, what is -68d + 16?
-677
In base 15, what is -1a2 + -59?
-20b
In base 6, what is -3 + 4324?
4321
In base 3, what is -1021121 + -20010?
-1111201
In base 15, what is 1204b + -1?
1204a
In base 2, what is 10101 - -1000?
11101
In base 2, what is -11011 - 11000001101101111?
-11000001110001010
In base 14, what is 4cbc - 34?
4c88
In base 14, what is -5 + 1b65a7?
1b65a2
In base 7, what is -31 - 33643?
-34004
In base 3, what is -22 - 1220022?
-1220121
In base 9, what is -18 + 6108?
6080
In base 15, what is -9e99 + -25?
-9ebe
In base 12, what is -41 + -1a9?
-22a
In base 12, what is -7871 + -7?
-7878
In base 10, what is 861 + -245?
616
In base 11, what is -1 - -66377?
66376
In base 16, what is 16 - -34ee?
3504
In base 7, what is 5026 + 505?
5534
In base 13, what is ca1 + 386?
1357
In base 9, what is -487 - -222?
-265
In base 12, what is 47496 + -4?
47492
In base 12, what is -1 + -30971?
-30972
In base 16, what is -5e1 + -37f?
-960
In base 12, what is -114420 - 1?
-114421
In base 8, what is 5 + 74360?
74365
In base 8, what is 7 - 10131?
-10122
In base 15, what is -2 + 2220?
221d
In base 16, what is 53c7 - 76?
5351
In base 8, what is -6 + 13256?
13250
In base 4, what is -2 - -11302023?
11302021
In base 9, what is -5 - 217025?
-217031
In base 5, what is 1300 - -4404?
11204
In base 5, what is 100 - 34130?
-34030
In base 3, what is 200101 - 2222?
120102
In base 16, what is cb - 44b3?
-43e8
In base 6, what is 44512 + 205?
45121
In base 5, what is 32040012 + -10?
32040002
In base 9, what is 5578 - -6?
5585
In base 14, what is 15009 + -1?
15008
In base 15, what is -5eb0 - -c6?
-5dd9
In base 7, what is 35035 - -61?
35126
In base 6, what is 35 + 21040?
21115
In base 9, what is 3 - -32326?
32330
In base 9, what is -5 - -35783?
35777
In base 13, what is -1c29 + 8?
-1c21
In base 8, what is 64 - 402?
-316
In base 15, what is 81bb - 10c?
80ae
In base 7, what is -520 - -524?
4
In base 14, what is aa6c + -72?
a9da
In base 4, what is 2003 - 320?
1023
In base 13, what is 6 - -10831?
10837
In base 14, what is 5 + -c389?
-c384
In base 15, what is -8 + 1960?
1957
In base 8, what is 3141772 - 0?
3141772
In base 9, what is -3 + 31326?
31323
In base 12, what is -2a29 - 646?
-3473
In base 10, what is 45158 - 8?
45150
In base 15, what is -5 + -4b5de?
-4b5e4
In base 8, what is 10 + 337541?
337551
In base 3, what is 100 - 1001122010?
-1001121210
In base 13, what is 1023 + 37?
105a
In base 5, what is -2 - -141032404?
141032402
In base 10, what is -49946 + -2?
-49948
In base 13, what is -a9a - -4a8?
-5c2
In base 15, what is -1785 + 6?
-177e
In base 15, what is 4 - -b34?
b38
In base 12, what is -571 + -470?
-a21
In base 14, what is -8d + -4c?
-db
In base 10, what is 233571 + 1?
233572
In base 5, what is -100 + -201111?
-201211
In base 13, what is -5 + -18a9?
-18b1
In base 13, what is -5 + 42967?
42962
In base 15, what is -28348d - -1?
-28348c
In base 8, what is 0 + 157277?
157277
In base 4, what is 1213200 - 33?
1213101
In base 13, what is -11 + -13457?
-13468
In base 3, what is 10 - -1212020100?
1212020110
In base 14, what is 13a2d + 1d?
13a4c
In base 9, what is -1356 + 114?
-1242
In base 3, what is -212121 + 10200112?
2210221
In base 11, what is 11 - 1886a8?
-188697
In base 11, what is -4 + -3a401?
-3a405
In base 9, what is -2 - 5767?
-5770
In base 7, what is 4 + -512403?
-512366
In base 4, what is 1 + 32010100?
32010101
In base 14, what is -2 - -321?
31d
In base 12, what is 147 - 1a7?
-60
In base 11, what is -2 - 30015?
-30017
In base 4, what is 21321 - -3322?
31303
In base 16, what is 7 + 129d3?
129da
In base 12, what is 28 + 278?
2a4
In base 8, what is 146016 - 26?
145770
In base 16, what is 6a8 + 36?
6de
In base 4, what is 2223213 + 10?
2223223
In base 7, what is -1301545 - -10?
-1301535
In base 9, what is 330 + 145?
475
In base 16, what is 3b31e + 2?
3b320
In base 9, what is -3 + -67651?
-67654
In base 3, what is -20100100 - 2100?
-20102200
In base 13, what is 2211 - 29?
21b5
In base 12, what is 43 - 6731?
-66aa
In base 3, what is 10 + 210001101?
210001111
In base 5, what is -100121204 - 1?
-100121210
In base 15, what is 58 + 17e2?
184a
In base 13, what is -1c32b0 - -3?
-1c32aa
In base 8, what is 4 + 102724?
102730
In base 15, what is 176 - bb9?
-a43
In base 9, what is -23 + -350463?
-350486
In base 10, what is 178 - -4810?
4988
In base 15, what is -246 - -24?
-222
In base 3, what is -10210102010 - -21?
-10210101212
In base 4, what is 10122120 - -10?
10122130
In base 12, what is -490 + -556?
-a26
In base 9, what is -30357 + -2?
-30360
In base 8, what is 210 + -5342?
-5132
In base 3, what is -111 + -102202010212?
-102202011100
In base 7, what is 101665 - -4?
102002
In base 7, what is 55015431 - 0?
55015431
In base 9, what is -80 + -67764?
-67854
In base 16, what is 0 - 106d?
-106d
In base 14, what is -1 + a1893?
a1892
In base 11, what is -62 - -28752?
286a0
In base 6, what is 2 + -142222?
-142220
In base 11, what is 5 + 57099?
570a3
In base 9, what is 55763 - 5?
55757
In base 2, what is -10001011010 - 1110001?
-10011001011
In base 6, what is 0 + 42300032?
42300032
In base 11, what is 221a + 39?
2258
In base 16, what is -d3 + ac9?
9f6
In base 15, what is -2a